 - (-6 + 11 - (6 - 21))
-14
What is the value of -2 + 4 + 4 + -3?
3
Evaluate 72 + -67 + (1 - 2) + -2 - 6.
-4
What is the value of (20 - (-12 + 5 + 10)) + -3?
14
What is the value of -4 - (1 - (25 - 14))?
6
Evaluate 4 - ((4 - (-5 - -5)) + (2 - 6)).
4
Calculate (1 - -4) + 43 + -53 + 7 + 0.
2
What is the value of (6 - 16) + 7 + -2 + 11?
6
Calculate -27 + 13 + -14 - -16.
-12
1 + -16 + 26 - 10
1
12 - (-8 - (-20 - 8))
-8
What is the value of 1 + (17 - (-18 - -21))?
15
-19 + 0 + (22 - 8 - 26) - 5
-36
What is the value of -16 + -3 + 5 + 4 + -11?
-21
What is the value of 2 - -1 - (18 + -11) - (0 + -16)?
12
Calculate -138 - -137 - (4 + 4 + -4 + 0).
-5
What is the value of 195 + -186 - (-4 + -3 - 1)?
17
(1 - -12) + (-22 + 21 - (-7 + 1))
18
Calculate (2 - (7 + 3 + 6)) + 4.
-10
Evaluate (1 - (-6 - -5)) + 13 + -6 + 12.
21
Calculate 13 + -1 + (-145 - -109).
-24
What is the value of -10 - (-14 + 1 + -2 + 1)?
4
What is the value of -8 + 9 - (1 - (-9 + 6))?
-3
What is -12 + (3 - 4) + -3 + 6 + -1?
-11
What is 7 + 2 - -6 - (15 - 7)?
7
Calculate 2 - (30 + (2 - (-10 - -21)) + 6).
-25
What is the value of -68 + 7 + 72 + -34?
-23
Evaluate (16 - (4 - -11)) + -20.
-19
-5 + (6 - (-13 + 6))
8
What is the value of -5 - (1 + -10 + (1 + 2 - -3))?
-2
-8 + -7 + (-15 - -19)
-11
What is 10 - (-3 + 21 + (-3 - 7))?
2
What is 3 + (2 - (-6 + 4)) + -4?
3
Calculate 3 + 2 - (6 + -14 - -4 - -22).
-13
Evaluate -11 - (5 - 17 - 8).
9
What is the value of 1050 - 1083 - (2 + 0 + -1)?
-34
What is (4 - 7) + 6 + -2 + 5?
6
(3 - (17 - 7)) + -4
-11
Evaluate (15 - -3) + -22 + 6.
2
What is the value of -16 - (-16 - -12) - (0 + 9)?
-21
Evaluate (0 - 7) + (3 - (1 - (-11 + -3))).
-19
What is the value of -11 + 12 + -2 + (-30 - -17)?
-14
Calculate (-5 - 36) + 15 + -2 - 4.
-32
What is the value of 20 + -1 - -1 - ((-18 - 19) + 37)?
20
What is the value of 23 - ((-18 - -23) + (-8 - -5))?
21
Evaluate (167 - 158) + -15 + 1.
-5
15 + (-16 + (-3 - -8) - -3)
7
-5 + (-7 - (0 + -11 - 8))
7
(17 - 15) + 3 + -10
-5
What is -4 - (-9 + (11 - (34 - 8)))?
20
What is 15 + (-21 - -20) + -6?
8
-44 + 28 + 18 - (1 - -1)
0
What is -32 + 6 + -6 + 6 + 6 + 0?
-20
What is (20 - 17) + 17 - 14?
6
What is 1 + ((2 - (4 + 4)) + 5 - -10)?
10
13 + -2 - (-137 - -157)
-9
8 - (2 - 14 - (-4 + -5)) - 2
9
Calculate -1 + -8 + (-45 - -61) + 7 + -1.
13
What is 8 + (12 - 25) - (14 + 0)?
-19
Calculate -3 - (-1 - (-8 - 5)).
-15
Calculate 32 + (-59 - (3 + -28)).
-2
What is 0 + (-2 - -4) + (47 - 36)?
13
(7 - -15) + (-31 - -24)
15
What is -5 - (7 + (16 - 6 - 0) + 5)?
-27
What is 23 + -23 - (4 + -2 + -4 + 3)?
-1
What is the value of -21 + (16 - 14) + 11?
-8
Evaluate 4 + -2 + (2 + -8 - (8 + -18)).
6
Evaluate (-10 - -4) + -1 + 2 + -5 + 1.
-9
Calculate -5 - (-27 + 10 - 9 - -1) - -3.
23
Evaluate (-10 - (0 + 0)) + (14 - 1) + -21.
-18
Evaluate (2 - 2) + -21 + 17.
-4
What is (7 - 16) + -6 + -4 + 11 + -9?
-17
-1 + -2 + 2 + -264 + 271
6
Evaluate -38 - (-25 + (18 - 14)).
-17
Evaluate 1 - 0 - -7 - 33 - (-14 + 7).
-18
Evaluate -10 + 8 - -14 - (1 + -3 + 3).
11
Calculate -14 - (6 + 12 + -19).
-13
Evaluate 11 + -12 + (0 - 4 - (-1 + 4)).
-8
What is the value of -1 - -1 - (-7 - -4)?
3
-7 - (-20 + 7 + (11 - 8))
3
32 - (20 + -5 + 30)
-13
Calculate (-4 - (-4 + (-7 - -6))) + -7 - -15.
9
Calculate (12 - 5) + 4 + (0 - 8 - -4).
7
-15 + (-22 - -4) + 17
-16
Calculate 19 - (-4 - (3 + -33)).
-7
Evaluate (0 - (-2 - (4 + -8) - -1)) + 14.
11
What is the value of 0 + 2 - -3 - -4?
9
Calculate 3 + 3 - (-4 - -5 - (-4 + 8)).
9
What is 1 + -15 - (239 + -242)?
-11
Calculate -2 + 11 + 21 + -22.
8
Calculate -6 + -2 - (1 - (2 + 3)).
-4
What is the value of -16 - (25 + -35) - (6 + 1)?
-13
(-3 - 1) + 9 + 2 + 5
12
What is (0 + -6 - (60 - 71)) + -36 + -4?
-35
What is the value of -10 + (6 - -41) - (8 + 5)?
24
Calculate (-3 - 1) + 2 + 111 + -124.
-15
Evaluate (-8 - (7 + -6 + 5 - 5)) + 27.
18
What is -2 + 4 + -1 + (-1 - (2 + 5))?
-7
Calculate -3 + (10 - 3) + 1 + -16.
-11
What is (-6 - (8 + -9)) + 9?
4
Calculate 13 + -10 + (-1 - -9) + -2.
9
What is the value of -27 + (10 - 10) + 14?
-13
Calculate (2 + -6 - (-1 + -15 - -9)) + -15.
-12
Calculate (-12 - -2) + -5 - 14.
-29
What is the value of 7 + -8 + -5 - (3 - 1 - -10)?
-18
Evaluate (-3 - 1) + (-58 - -73).
11
Evaluate -1 + 8 + -1 - (-3 + (4 - 2)).
7
Calculate (-1 - -8) + (-1 - (12 - 6 - 0)).
0
What is -19 - -30 - (22 - 4)?
-7
(21 - 16) + (-6 - 2 - -1 - -10)
8
Calculate (-12 + 34 + -19 - (14 + 0)) + 5.
-6
19 - (1 - (-7 - 8 - (9 + -17)))
11
Evaluate (17 - (15 + -4)) + -10 - (-2 + -20).
18
24 - (12 + -18 - -32)
-2
Evaluate -5 - (-10 + 6) - -1.
0
(10 - (3 - -7)) + (-5 - 0) + -6
-11
Calculate 7 - ((-30 - -53) + -25).
9
10 - (7 - (19 - 31))
-9
Evaluate 49 - (82 + -28 + -9).
4
2 + ((-3 - -7) + -10 - (36 + -27))
-13
What is -10 + 4 - ((4 - 6) + 7)?
-11
What is the value of (0 - (-6 + 12) - 0) + -2 + 15?
7
Evaluate -20 - (-13 - 2) - 0.
-5
Evaluate 5 + (7 - ((-3 - 2) + 14)).
3
Evaluate 23 - (-10 + 6 + 21).
6
Calculate -1 - -1 - (-11 + 8 + 17 + -5).
-9
What is -2 + 27 + -14 - (-11 + 5)?
17
What is the value of 1 + (-8 - 0) + 0 - (-4 - -4)?
-7
Calculate 1 + 17 - (15 + (-18 - 3)).
24
-10 + -5 - (-4 - 7)
-4
What is the value of -20 + (-6 + 20 - -5)?
-1
(12 + -4 + -15 - -8) + -12
-11
Calculate -1 + (-1 + -1 - (-26 - (6 + -9))).
20
(1 - -9) + -17 - -21
14
What is the value of -20 - ((-108 - -114) + (1 - 2) - 8)?
-17
Evaluate -21 + (-6 - -8) + 2 - -10.
-7
Calculate -35 + (6 - (-5 - (10 + -16)) - -6).
-24
What is 9 + (4 + -12 - -8) - (1 + 14)?
-6
What is (-3 - 21) + -17 + 3 + -8 + 14?
-32
Calculate 52 - 81 - (-8 - (6 + -5)).
-20
Calculate 1 - -6 - 5 - (-27 - -27).
2
What is the value of -11 + (8 - (-6 + 12))?
-9
What is the value of 86 - 90 - (-2 + 4 + 0)?
-6
What is (-11 + 6 + -1 - -5) + (-6 - -22)?
15
What is the value of -6 + 13 + (-1 - (6 - (5 + -1)))?
4
Evaluate (-9 - -21) + (2 - -1) + (14 - 17).
12
What is the value of -10 + (-5 - (6 + -25 + 7))?
-3
What is the value of 3 + 0 + -6 - (12 + -1 - 6)?
-8
What is (-8 - -7) + 3 - -9?
11
-2 + (11 - -3) + (10 - 7) + -8
7
What is the value of (34 - 13) + -11 - -1?
11
1 + -5 + (1 - 3) + (-4 - -2)
-8
Evaluate -16 - ((14 - 19) + -15).
4
Calculate -1 + 5 - (0 - (10 + -5)).
9
What is the value of (-8 + 1 - 11) + 10 - -17?
9
What is (-28 - (-8 - 1)) + 8 - -10?
-1
8 + (-4 + -1 - 23 - -1)
-19
15 + (-20 - -14) + (-1 - 24)
-16
What is 0 - 17 - (-124 - -115)?
-8
What is the value of -6 + 2 - (7 + 14 - 20)?
-5
What is (1 + 2 - (-13 + 8)) + (-47 - -55)?
16
What is -8 + (-7 - 0 - (12 + -7 + -4))?
-16
-44 + 44 + (-28 - (8 + -6))
-30
What is 13 - (-17 + 31) - (-1 + 13)?
-13
-18 - (-7 + (24 - 13))
-22
1 + 22 - (-116 + 149)
-10
What is 2 + -29 + 14 + -3 + 10?
-6
What is the value of 9 + (0 - -3 - (-40 - -48))?
4
Calculate -20 + 15 + 4 + -5.
-6
What is -23 - (28 + -25) - 5?
-31
What is 61 + -86 - (-6 + -11)?
-8
Evaluate 574 + -539 - (2 - -20).
13
Evaluate 7 - (11 + -4 - 6) - 14.
-8
Calculate -8 + -15 + 35 + -9.
3
3 + 0 - -6 - -14 - 12
11
What is 11 + 12 + 1 + -27?
-3
Calculate 13 - (12 + (20 - 42)).
23
(-83 - -135) + (0 - 29)
23
Calculate (-1 + -5 - (-14 + 0)) + -53 + 7.
-38
What is -2 - -7 - (39 + -31 - (1 + -7))?
-9
Calculate -20 + (-16 - -8) + 21.
-7
What is the value of -14 + (-9 - -6) + 7 + (1 - 3)?
-12
18 - 11 - -3 - 4
6
What is the value of -2 - (-13 - -6) - 0?
5
Evaluate -25 + 34 + -11 + 2.
0
What is -327 + 348 + -1 + 0?
20
Calculate (-3 - 1) + (0 - (-15 + 7)).
4
-487 - -520 - (1 + 16)
16
-10 - -2 - (-44 - -63 - 0)
-27
What is the value of -1 - 14 - (8 + -20)?
-3
Evaluate -5 + 3 + (-3 + 3 - 7).
-9
What is the value of -784 + 762 - (-32 + -2)?
12
What is 14 - (-1 + 8) - -2 - 9?
0
Calculate 5 - 0 - -3 - (0 - (-18 + 16)).
6
Evaluate -5 + (26 - 18) - 20.
-17
What is -8 - (-6 + 4 + (6 - 10))?
-2
What is 6 - (7 - (27 + -31))?
-5
Evaluate 11 + -19 + -16 + 21.
-3
What is -13 + (14 - 6 - -20)?
15
Calculate -5 - (10 - (12 + -5)).
-8
Evaluate 21 + -52 + (31 - 10).
-10
What is the value of -7 - (-4 + (-8 - -8) - -1) - 5?
-9
Calculate -10 + 0 - (-12 + 7).
-5
Evaluate -4 + -5 + (13 - 7 - 10).
-13
What is the value of -3 - (-10 - 12) - 6?
13
What is the value of (-2 - 1 - -1) + (-165 - -177)?
10
2 + (-6 - (2 - -9)) + (2 - 0)
-13
(6 + -6 - (-4 + 4)) + -1 + -15
-16
Calculate 6 + (2 - 8) + 6 + 9.
15
Evaluate (-4 - -6) + 7 - 16 - -12.
5
1 - (1 - 